19
Let w(t) = -10*t + 21. What is w(5)?
-29
Let t(l) = -l**2 + 25*l - 70. What is t(22)?
-4
Let o(p) = 15*p**2 - p - 1. What is o(-1)?
15
Let g(k) = 25*k**3 + 3*k - 3. Give g(1).
25
Let t(o) = o**2 - 31*o + 42. Calculate t(29).
-16
Let o(w) = -58*w - 581. Calculate o(-10).
-1
Let w(b) = -b - 15. Calculate w(6).
-21
Let t(y) = 55*y - 496. What is t(9)?
-1
Let r(o) = o**2 - 47*o - 270. What is r(52)?
-10
Let j(s) = -s**2 + 17*s + 115. What is j(-5)?
5
Let a(i) = -i**2 + 10*i + 4. Calculate a(6).
28
Let x(p) = -2*p - 2. Calculate x(0).
-2
Let o(a) = a - 5. What is o(6)?
1
Let k(x) = 2*x - 112. Calculate k(51).
-10
Let g(x) = x**3 + 14*x**2 + 24*x - 8. Determine g(-12).
-8
Let m(g) = 5*g + 28. Determine m(9).
73
Let w(o) = 2*o**3 + 2*o**2 + 4*o + 6. What is w(-2)?
-10
Let v(h) = 2*h**2 + 38*h + 23. Calculate v(-17).
-45
Let o(i) = i**3 - 24*i**2 - 23*i - 46. Give o(25).
4
Let q(p) = -2*p**2 - p - 8. What is q(0)?
-8
Let i(h) = 4*h**3 - h**2 + 39*h - 37. What is i(1)?
5
Let y(i) = 15*i - 6. Determine y(-3).
-51
Let a(r) = -r**2 + 5*r + 11. Calculate a(6).
5
Let w(b) = -b**3 + 3*b**2 - 4*b + 5. Calculate w(2).
1
Let w(a) = 14*a**2 + 6*a - 12. Calculate w(3).
132
Let b(d) = -d**3 - 12*d**2 - 2*d - 4. Calculate b(-12).
20
Let r(k) = 3*k**3 - 4*k**2 - 4*k - 3. Calculate r(4).
109
Let k(l) = -l**3 + 16*l**2 - 16*l + 16. Determine k(15).
1
Let i(p) = 2*p**2 - 8*p - 29. Give i(12).
163
Let n(s) = -s**2 + 8*s + 6. What is n(-5)?
-59
Let m(g) = -17*g**3 - 2*g**2 + 7*g + 8. Give m(-1).
16
Let f(u) = -u**2 - 3*u - 1. Calculate f(-3).
-1
Let z(f) = -f - 4. What is z(-1)?
-3
Let c(l) = l**2 + 2*l - 13. Give c(0).
-13
Let l(u) = -u - 36. Determine l(-15).
-21
Let p(g) = g + 2. What is p(-15)?
-13
Let d(b) = -187*b**3 + 3*b**2 - b - 1. Give d(1).
-186
Let l(s) = 8*s + 28. Give l(-9).
-44
Let i(h) = -3*h**2 - 12*h - 24. Give i(-5).
-39
Let b(y) = y**2 + 22*y - 12. Give b(-20).
-52
Let k(l) = l**2 + 33*l + 175. Determine k(-7).
-7
Let i(r) = 2*r + 4. What is i(3)?
10
Let s(w) = 59*w + 102. Give s(-2).
-16
Let a(d) = -35*d + 22. What is a(1)?
-13
Let a(j) = j**2 - 18*j + 71. Determine a(5).
6
Let d(s) = s**3 + 3*s - 12. Determine d(4).
64
Let i(l) = -28*l + 1430. Give i(51).
2
Let l(h) = -h**3 + 6*h**2 - 10*h + 37. Determine l(5).
12
Let y(p) = p**3 + 13*p**2 - 1. Determine y(-13).
-1
Let q(n) = n**2 - 10*n + 2. Calculate q(4).
-22
Let t(k) = -k + 6. What is t(10)?
-4
Let b(n) = -n**2 + 8*n - 6. What is b(3)?
9
Let g(a) = 4*a - 47. Give g(11).
-3
Let t(r) = -r - 3. Determine t(-5).
2
Let v(u) = -u**3 + 24*u**2 - 21*u - 36. Give v(23).
10
Let n(x) = 3*x**2 + 3*x - 3. Give n(-4).
33
Let r(n) = n**3 + 5*n**2 - 2*n - 9. Determine r(-4).
15
Let w(j) = -14*j - 3. What is w(-2)?
25
Let t(y) = -2*y**3 - 3*y**2 + 6*y. Calculate t(-2).
-8
Let d(q) = q**3 - 24*q**2 - 53*q + 43. What is d(26)?
17
Let a(n) = n**2 - 12*n - 16. Calculate a(13).
-3
Let m(o) = -o + 3. What is m(-4)?
7
Let c(i) = -3*i. Give c(10).
-30
Let k(f) = f**2 - 19*f + 20. Calculate k(5).
-50
Let a(f) = 5*f**2 - 179*f - 40. Give a(36).
-4
Let x(w) = w**3 + 15*w**2 - 5*w + 32. Calculate x(-15).
107
Let v(k) = -33*k + 263. Calculate v(8).
-1
Let i(l) = l**2 + 12*l - 82. Determine i(-17).
3
Let s(v) = 2*v**2 + v + 3. What is s(-3)?
18
Let g(z) = z**2 + 4*z - 20. Calculate g(-7).
1
Let b(c) = -24*c - 1. Calculate b(-1).
23
Let t(a) = 4*a + 29. Give t(-14).
-27
Let p(f) = -f**3 + 26*f**2 + 33*f - 174. Calculate p(27).
-12
Let l(k) = -15*k**2 - 152*k - 14. Determine l(-10).
6
Let d(z) = z + 8. Calculate d(4).
12
Let o(x) = x**3 - 9*x**2 + 7*x - 5. Give o(8).
-13
Let m(p) = -p**2 - 24*p - 28. Determine m(-22).
16
Let g(a) = a**2 + 15*a + 8. What is g(-13)?
-18
Let v(l) = -l**2 + 16*l - 28. What is v(13)?
11
Let s(h) = -h**2 - 17*h - 32. Calculate s(-13).
20
Let o(i) = 4*i**3 + 3*i**2 - 4*i + 2. What is o(2)?
38
Let j(k) = 2*k**2 + 10*k + 13. Give j(-6).
25
Let w(d) = -d**3 - 5*d**2 + 4*d - 2. Give w(-6).
10
Let z(p) = p - 12. Give z(-15).
-27
Let g(d) = 7*d + 16. What is g(-8)?
-40
Let y(b) = -207*b + 203. Give y(1).
-4
Let o(q) = -4*q**2 + 8*q + 21. Determine o(-2).
-11
Let c(j) = -j**2 - 13*j - 6. Determine c(-14).
-20
Let c(w) = -2*w**2 - 5*w - 4. Give c(-4).
-16
Let z(p) = -p**3 - 7*p**2 - 3. Calculate z(-7).
-3
Let t(p) = p**2 + 8*p - 5. Give t(0).
-5
Let h(n) = n**2 + 17*n + 50. Give h(-4).
-2
Let z(v) = v**3 + 8*v**2 + 8*v - 10. Give z(-5).
25
Let y(m) = m**2 - 3*m + 2. Calculate y(5).
12
Let a(w) = 2*w**2 + 18*w + 6. Determine a(-12).
78
Let r(s) = 3*s + 11. Give r(-10).
-19
Let i(w) = w**2 + 22*w + 40. Give i(-20).
0
Let m(g) = -g**2 + 4*g + 13. Give m(6).
1
Let x(p) = 2*p + 13. Calculate x(-10).
-7
Let a(u) = -u**3 - 4*u**2 - 4. Calculate a(-4).
-4
Let q(w) = -2*w + 41. Determine q(20).
1
Let d(o) = -4*o - 20. Determine d(-6).
4
Let b(m) = 2*m**3 - 4*m**2 - 2. Calculate b(2).
-2
Let h(o) = -8*o + 11. Give h(-6).
59
Let w(y) = -y**3 + 3*y**2 + 3*y - 4. Calculate w(3).
5
Let v(c) = -6*c + 13. Determine v(3).
-5
Let k(b) = 2*b + 7. Calculate k(4).
15
Let z(q) = -14*q + 211. What is z(15)?
1
Let m(h) = h**3 - 15*h**2 + 18*h - 52. Calculate m(14).
4
Let x(y) = -72*y + 517. Determine x(7).
13
Let h(f) = f**3 + 22*f**2 + 24*f + 50. Determine h(-21).
-13
Let f(i) = -i**3 - 25*i**2 - 22*i + 38. Determine f(-24).
-10
Let r(y) = y**3 - 6*y**2 - 11*y + 17. What is r(8)?
57
Let u(r) = -20*r - 16. Determine u(-1).
4
Let h(c) = -c**2 - 17*c - 22. Give h(-15).
8
Let f(x) = 10*x - 5. Determine f(6).
55
Let q(o) = -o**2 + 13*o + 44. Calculate q(15).
14
Let t(s) = s**3 - 13*s**2 + s - 18. Determine t(13).
-5
Let s(y) = -y**2 + 5. Determine s(7).
-44
Let i(h) = -h**3 - 16*h**2 + 38*h + 7. What is i(-18)?
-29
Let r(x) = x**2 - 11*x - 12. What is r(-1)?
0
Let y(d) = d**2 - 5*d + 2. Determine y(3).
-4
Let l(p) = p**2 - 4*p - 4. Determine l(7).
17
Let g(u) = u**2 + 13*u + 25. What is g(-10)?
-5
Let l(r) = -r**3 + 4*r**2 + r + 4. Determine l(4).
8
Let v(d) = d. Calculate v(1).
1
Let y(h) = -h**3 + 8*h**2 - 10*h - 14. Calculate y(6).
-2
Let w(o) = -24*o**2 - 92*o + 18. Determine w(-4).
2
Let q(l) = l**3 + 6*l**2 + 8*l + 6. Determine q(-5).
-9
Let z(m) = -10*m**3 - m**2 + m. Calculate z(1).
-10
Let m(r) = 4*r + 106. Calculate m(-21).
22
Let q(k) = 3*k**2 - k - 1. Calculate q(1).
1
Let m(k) = -2*k**2 - 3*k + 2. Give m(2).
-12
Let r(z) = 2*z**2 + 6*z + 5. Calculate r(-5).
25
Let w(r) = 4*r**3 - 26*r**2 + 10*r + 9. Determine w(6).
-3
Let z(r) = r**3 + 6*r**2 + 3*r + 19. Calculate z(-6).
1
Let t(q) = 2*q**2 - 8*q + 7. What is t(3)?
1
Let i(y) = -3*y + 35. Give i(12).
-1
Let m(k) = 5*k + 5. Calculate m(-2).
-5
Let h(k) = -60*k**2 - 5*k - 4. Determine h(-1).
-59
Let v(j) = j**2 - 6*j - 3. What is v(8)?
13
Let d(w) = 2*w**2 - 53*w - 22. Calculate d(27).
5
Let i(w) = -w**3 + 5*w**2 - 6. Determine i(3).
12
Let z(i) = i**3 + 7*i**2 - 2*i + 9. Calculate z(-7).
23
Let s(o) = -o**3 - 38*o**2 - 109*o - 146. Determine s(-35).
-6
Let k(d) = d**3 - 5*d**2 + 2*d + 4. What is k(4)?
-4
Let v(w) = -10*w + 16. What is v(1)?
6
Let k(y) = y**3 - 11*y**2 - 16*y + 15. What is k(12)?
-33
Let c(m) = -5*m - 5. Determine c(-13).
60
Let f(i) = -i**2 + 12*i - 13. What is f(10)?
7
Let k(x) = -10*x**2 + x + 4. Determine k(3).
-83
Let r(b) = -b**3 + 8*b**2 - 26*b + 136. What is r(7)?
3
Let x(p) = p**2 + 15*p + 69. Determine x(-5).
19
Let f(w) = 3*w**2 - 17*w + 24. Give f(4).
4
Let g(a) = -2*a**3 + 9*a**2 + 3*a + 6. What is g(5)?
-4
Let j(n) = -n**2 - 18*n - 22. Give j(-16).
10
Let d(o) = 4*o + 6. Determine d(-4).
-10
Let k(l) = l**2 - 24*l - 29. What is k(24)?
-29
Let p(s) = 2*s**2 - 48*s + 46. Give p(23).
0
Let x(d) = d - 45. Calculate x(13).
-32
Let k(g) = -76*g - 50. What is k(-1)?
26
Let n(v) = v**2 - 15*v + 15. Calculate n(11).
-29
Let h(g) = g**3 + 3*g**2 - 95*g - 80. Determine h(-11).
-3
Let n(z) = -3*z - 6. Determine n(-3).
3
Let q(g) = g**2 - 10*g + 8. Give q(8).
-8
Let l(g) = -g - 44. Give l(-6).
-38
Let q(k) = k**2 - 20*k + 48. Calculate q(3).
-3
Let h(p) = p**3 - 10*p**2 + 12*p - 8. Determine h(9).
19
Let q(c) = -c**2 - 2*c + 7. Calculate q(5).
-28
Let r(h) = -3*h**3 + 1. Determine r(1).
-2
Let p(r) = -r**2 - 3*r + 46. Give p(6).
-8
Let i(q) = -q + 1. What is i(2)?
-1
Let u(x) = -5*x + 99. What is u(21)?
-6
Let n(o) = -3*o - 35. Give n(-12).
1
Let f(o